t the prime factors of 12417977.
11, 13, 37, 2347
What are the prime factors of 372574?
2, 107, 1741
What are the prime factors of 7023983?
7023983
List the prime factors of 1235792.
2, 77237
List the prime factors of 243407.
401, 607
What are the prime factors of 652090?
2, 5, 61, 1069
List the prime factors of 12596421.
3, 4198807
List the prime factors of 12569952.
2, 3, 127, 1031
What are the prime factors of 193247?
193247
List the prime factors of 696672.
2, 3, 41, 59
What are the prime factors of 44914?
2, 17, 1321
List the prime factors of 478237.
31, 15427
List the prime factors of 1808980.
2, 5, 151, 599
What are the prime factors of 4633878?
2, 3, 772313
List the prime factors of 124693.
124693
What are the prime factors of 2256877?
7, 19, 71, 239
What are the prime factors of 1079658?
2, 3, 59981
List the prime factors of 2190206.
2, 19, 57637
What are the prime factors of 2733879?
3, 911293
What are the prime factors of 78061?
251, 311
What are the prime factors of 1541806?
2, 7, 110129
What are the prime factors of 4926183?
3, 419, 3919
What are the prime factors of 18610877?
18610877
What are the prime factors of 43159?
43159
What are the prime factors of 18924?
2, 3, 19, 83
List the prime factors of 11772535.
5, 41, 57427
What are the prime factors of 1453233?
3, 484411
List the prime factors of 547216.
2, 23, 1487
What are the prime factors of 34753?
23, 1511
List the prime factors of 1788041.
1788041
What are the prime factors of 2135289?
3, 13, 54751
What are the prime factors of 301507?
23, 13109
What are the prime factors of 5150923?
139, 37057
List the prime factors of 3410767.
3410767
What are the prime factors of 244336?
2, 15271
What are the prime factors of 8186109?
3, 2728703
What are the prime factors of 28159413?
3, 9386471
List the prime factors of 1042966.
2, 521483
List the prime factors of 381556.
2, 7, 13627
List the prime factors of 249369.
3, 101, 823
List the prime factors of 447940.
2, 5, 22397
List the prime factors of 12488963.
43, 290441
List the prime factors of 1219846.
2, 609923
What are the prime factors of 36845844?
2, 3, 7, 223, 281
List the prime factors of 55861.
13, 4297
What are the prime factors of 1009899?
3, 11, 101
What are the prime factors of 107442?
2, 3, 47, 127
List the prime factors of 1554604.
2, 388651
List the prime factors of 206264.
2, 19, 23, 59
What are the prime factors of 41962241?
19, 317, 6967
List the prime factors of 600167.
600167
List the prime factors of 1030974.
2, 3, 7, 24547
List the prime factors of 4701508.
2, 7, 167911
What are the prime factors of 757040?
2, 5, 9463
List the prime factors of 1613396.
2, 131, 3079
List the prime factors of 1186788.
2, 3, 98899
List the prime factors of 2739049.
2739049
List the prime factors of 991132.
2, 31, 7993
What are the prime factors of 6900495?
3, 5, 7, 65719
List the prime factors of 371903.
7, 53129
List the prime factors of 492472.
2, 61559
List the prime factors of 687758.
2, 367, 937
List the prime factors of 498010.
2, 5, 49801
What are the prime factors of 196756?
2, 7, 7027
List the prime factors of 1883235.
3, 5, 223, 563
List the prime factors of 2231658.
2, 3, 11, 13, 17
List the prime factors of 910798.
2, 7, 67, 971
What are the prime factors of 452871?
3, 5591
What are the prime factors of 1836780?
2, 3, 5, 11, 23
What are the prime factors of 285386?
2, 31, 4603
What are the prime factors of 176020?
2, 5, 13, 677
What are the prime factors of 2847453?
3, 7, 135593
What are the prime factors of 8098?
2, 4049
What are the prime factors of 830988?
2, 3, 41, 563
List the prime factors of 215317.
215317
List the prime factors of 2322415.
5, 464483
What are the prime factors of 6652597?
7, 109, 8719
List the prime factors of 286987.
286987
List the prime factors of 981322.
2, 490661
What are the prime factors of 3646072?
2, 47, 9697
What are the prime factors of 618818?
2, 277, 1117
What are the prime factors of 552651?
3, 11, 16747
What are the prime factors of 546382?
2, 257, 1063
List the prime factors of 1479072.
2, 3, 7, 31, 71
What are the prime factors of 2412812?
2, 603203
List the prime factors of 140901.
3, 67, 701
List the prime factors of 5203919.
7, 89, 8353
What are the prime factors of 117698?
2, 7, 1201
What are the prime factors of 314123?
31, 10133
What are the prime factors of 19131457?
19131457
What are the prime factors of 3254365?
5, 650873
What are the prime factors of 2027968?
2, 31687
List the prime factors of 153632.
2, 4801
What are the prime factors of 6740968?
2, 13, 64817
List the prime factors of 11935416.
2, 3, 497309
What are the prime factors of 599938?
2, 299969
What are the prime factors of 204321?
3, 13, 31
What are the prime factors of 104620?
2, 5, 5231
List the prime factors of 406874.
2, 13, 15649
List the prime factors of 21935974.
2, 23, 476869
List the prime factors of 19658900.
2, 5, 73, 2693
List the prime factors of 14551997.
29, 337, 1489
List the prime factors of 4622246.
2, 2311123
List the prime factors of 7417220.
2, 5, 19, 131, 149
What are the prime factors of 1874258?
2, 67, 71, 197
What are the prime factors of 1754383?
17, 31, 3329
List the prime factors of 2468412.
2, 3, 68567
What are the prime factors of 14865387?
3, 53, 93493
What are the prime factors of 653868?
2, 3, 41, 443
List the prime factors of 938788.
2, 29, 8093
What are the prime factors of 165046?
2, 7, 11789
List the prime factors of 250328.
2, 13, 29, 83
What are the prime factors of 4256857?
11, 386987
What are the prime factors of 374528?
2, 7, 11, 19
List the prime factors of 8785939.
193, 45523
What are the prime factors of 709465?
5, 47, 3019
What are the prime factors of 285202?
2, 142601
List the prime factors of 2168564.
2, 542141
List the prime factors of 4641167.
757, 6131
What are the prime factors of 6610375?
5, 52883
What are the prime factors of 6946512?
2, 3, 144719
List the prime factors of 10455055.
5, 13, 239, 673
List the prime factors of 256365.
3, 5, 211
List the prime factors of 4072835.
5, 13, 62659
List the prime factors of 28022.
2, 14011
List the prime factors of 9078545.
5, 7, 259387
What are the prime factors of 96683?
109, 887
List the prime factors of 536601.
3, 13, 13759
What are the prime factors of 5430453?
3, 7, 29, 37, 241
What are the prime factors of 50476?
2, 12619
What are the prime factors of 73927?
7, 59, 179
What are the prime factors of 75982?
2, 37991
What are the prime factors of 249224?
2, 31153
List the prime factors of 6202198.
2, 59, 52561
What are the prime factors of 978309?
3, 71, 1531
List the prime factors of 351090.
2, 3, 5, 47, 83
What are the prime factors of 120633?
3, 79, 509
What are the prime factors of 194627?
41, 47, 101
What are the prime factors of 1893148?
2, 473287
List the prime factors of 19763749.
19763749
What are the prime factors of 1245858?
2, 3, 207643
List the prime factors of 1388447.
59, 101, 233
List the prime factors of 21249.
3, 787
List the prime factors of 4911438.
2, 3, 7, 337, 347
List the prime factors of 18463989.
3, 17, 277, 1307
What are the prime factors of 106364?
2, 26591
What are the prime factors of 682354?
2, 37, 9221
List the prime factors of 21096.
2, 3, 293
What are the prime factors of 76600?
2, 5, 383
What are the prime factors of 27148945?
5, 5429789
What are the prime factors of 12194940?
2, 3, 5, 203249
List the prime factors of 76482.
2, 3, 7, 607
What are the prime factors of 12814939?
2447, 5237
List the prime factors of 3154029.
3, 47, 22369
What are the prime factors of 2581762?
2, 101, 12781
What are the prime factors of 596081?
596081
List the prime factors of 2904676.
2, 726169
What are the prime factors of 161353?
317, 509
What are the prime factors of 6570118?
2, 211, 15569
What are the prime factors of 166935?
3, 5, 31, 359
What are the prime factors of 404370?
2, 3, 5, 4493
What are the prime factors of 20480813?
20480813
List the prime factors of 2848380.
2, 3, 5, 29, 1637
List the prime factors of 4569187.
7, 652741
List the prime factors of 2090815.
5, 23, 18181
List the prime factors of 220615.
5, 44123
List the prime factors of 1218673.
181, 6733
What are the prime factors of 178689?
3, 7, 67, 127
What are the prime factors of 223852?
2, 191, 293
List the prime fact